r + 139551 = 331*r. What is the remainder when 16187 is divided by r?
253
Let i(z) = -z**2 - 37*z - 59. Calculate the remainder when 830 is divided by i(-35).
5
Let z(g) = -g**3 - 4*g**2 + 21*g + 233. Calculate the remainder when 857 is divided by z(-6).
141
Suppose -37934*w + 2669 = -37777*w. Let i(a) = -a. Let m be i(-6). Let o(d) = 5*d - 6. Calculate the remainder when o(m) is divided by w.
7
Let q(f) = f**2 + 45*f - 497. What is the remainder when 269 is divided by q(-55)?
4
Suppose 396 = -3*c - 3*w + 123, 2*w + 362 = -4*c. Let m = c + 101. Calculate the remainder when 62 is divided by 229/m - 5/(220/(-8)).
20
Let q = 17699 + -13367. What is the remainder when q is divided by 85?
82
Let a = 677 - 77. Calculate the remainder when a is divided by 160.
120
Suppose 21 = c - 3*l, -5*c + 57 + 118 = -l. Let h(y) = y**2 - 9*y + 20. Calculate the remainder when c is divided by h(9).
16
Calculate the remainder when 1*176*12*(-16)/(-256) is divided by 33.
0
Let y be 110/8 + 26/104. Suppose 0 = -5*k + 25, -y = -3*f + 5*k + 27. What is the remainder when f is divided by 7?
1
Suppose -2*f = -5*b - 6195 + 19945, 2*f - 11000 = -4*b. What is the remainder when b is divided by 51?
47
Calculate the remainder when 996 is divided by 226/(75/33 - (-3)/(-11)) - -2.
76
Suppose -2*f + 5*h = -31, -3*f + 123 = 2*h + 48. Let m = f + -9. Calculate the remainder when 15/(-3)*(20 + (-3080)/100) is divided by m.
12
Let p be 2*(-42)/(-4)*37/111. What is the remainder when p/3 - 9100/(-105) is divided by 10?
9
Let r(i) = -40*i - 360. Let c be r(-12). Suppose 0 = 5*k + 5*p - 200, c = 3*k - 8*p + 4*p. What is the remainder when 1159 is divided by k?
39
Suppose -108*t = 6485 - 81653. Calculate the remainder when t is divided by 45.
21
Let q(g) = g**3. Let s be q(1). Let m(p) be the first derivative of 23*p**3/3 + p + 1. What is the remainder when 45 is divided by m(s)?
21
What is the remainder when 216/32 + 48/(-8) + 489/4 is divided by 34?
21
Let w be (-2)/3 + (-128)/(-3). Suppose -w = 3*n - 6*n. Let f = -28387 + 28428. What is the remainder when f is divided by n?
13
Let h = -130 + 211. Suppose 0 = 16*c - 7*c - 252. What is the remainder when h is divided by c?
25
Let h = -40343 + 40439. Let p = 29 - 18. Calculate the remainder when h is divided by p.
8
Calculate the remainder when 808 is divided by 10 - (6984/(-4))/9.
196
Suppose -81*i + 168 = -67*i. Suppose -2*p = x - 5 + 55, 5*x + p = -232. Let v = x + 77. Calculate the remainder when v is divided by i.
7
What is the remainder when 425 is divided by -18 + 9 + -11 + 208?
49
Suppose -3*l + 6*l - 1296 = 2*y, 432 = l - 2*y. What is the remainder when l is divided by 15?
12
Let i(g) = -g + 3. Let u be i(4). Let v(z) = -268*z**3 + 3*z**2 + 4*z. Calculate the remainder when v(u) is divided by 15.
12
Let d = 101311 + -100923. Let m(v) = 3*v**2 - 10*v + 1. What is the remainder when d is divided by m(7)?
76
Let r(x) = 16*x**2 - 154*x + 752. Let g(f) = -3*f**2 + 31*f - 150. Let u(l) = 11*g(l) + 2*r(l). Calculate the remainder when u(27) is divided by 11.
5
Let j(s) = 9*s + 1323. What is the remainder when j(-118) is divided by 36?
9
Let p(i) = 36*i**2 - 4*i + 1. Suppose -b + 0*b = -z + 4, 0 = -3*b + 2*z - 7. What is the remainder when 62 is divided by p(b)?
29
Suppose -2*l + 270 = 28*l. Suppose l*y = -0*y + 486. Calculate the remainder when y is divided by 11.
10
Let x = 65 + -79. Let h be (-472)/x - (-4)/28*2. Let c = h - 13. What is the remainder when 62 is divided by c?
20
Let q be 1/((-6)/(-109)) + 4/(-24). Suppose 0 = -2*w - q - 26. Let p = w + 42. Calculate the remainder when p is divided by 11.
9
Suppose 13*a + 14 = 66. What is the remainder when (a + -5)/(2/(-98)) is divided by -5*((1 - 2) + -1)?
9
Let h = -132 - -207. Calculate the remainder when 131 is divided by h/(-10)*(-4 - 0).
11
Let v be -8*(-1)/(-3)*3. Suppose -15*j + 88 = -47. Calculate the remainder when j is divided by 4/(v/(-6)) - -3.
3
Suppose -4*h - c + 63 = 0, h - 6*h + 81 = -c. Suppose -54 = -h*q + 650. Calculate the remainder when 1/(-4) - 2103/(-12) is divided by q.
43
Suppose 997*j = 838*j + 13992. What is the remainder when 519 is divided by j?
79
Suppose -5*d + 5*i = -3925, -16*d - 4*i = -17*d + 776. What is the remainder when d is divided by 279?
230
Let x(n) = -50*n - 1. Let w be x(1). Let o = w + 56. Suppose 3*u + o*v + 0*v - 190 = 0, 3*u = -4*v + 188. Calculate the remainder when u is divided by 16.
12
Let t(q) = -7*q - 24. Let s(u) = 14*u + 47. Let v(g) = 6*s(g) + 11*t(g). Suppose -56 = 30*h - 236. What is the remainder when v(h) is divided by 9?
6
Let v(j) = j - 1. Let c(l) = -2*l + 8. Let p be c(4). Let k = p - -4. Calculate the remainder when 15 is divided by v(k).
0
Let g(x) = x**3 + 50*x**2 - 53*x - 78. What is the remainder when 4893 is divided by g(-51)?
21
Let z = -2 - -17. Let v = -1506 - -1580. Calculate the remainder when v is divided by z.
14
Let g(q) = -2*q**2 - 6*q - 7. Let s be g(-4). Let u(y) = -y + 4. What is the remainder when -4 - ((-1)/2)/(5/1170) is divided by u(s)?
18
Let n = 4 + -1. Let w be 1524/60 + (-6)/15. Suppose -11*h - w = -179. Calculate the remainder when h is divided by n.
2
Let g = 417 - 360. Let b = 771 - 549. Calculate the remainder when b is divided by g.
51
Let y be ((-34)/(-6))/(4/12). Suppose 2*u = h + y, 5*h - 68 = -4*u + 1. Calculate the remainder when 8 + -14 + 10 - (-14 - 3) is divided by u.
10
Let u(v) = 2*v + 23*v + 13*v + 2. What is the remainder when u(2) is divided by 9913/368 - 10/(-160)?
24
Let c = -25244 - -38111. Calculate the remainder when c is divided by 17.
15
Suppose -21*t + 6 = -15*t. Suppose -22 = -2*k - 0*k. Suppose -k = -3*u - 2. Calculate the remainder when u is divided by t.
0
Let g be 4*(-6 - (-207)/18). Suppose 250 = -20*d + g*d. What is the remainder when d is divided by 44?
37
Let u = 3857 - 3497. Calculate the remainder when u is divided by 16.
8
Calculate the remainder when (-3 + 65)/(28/378) is divided by 14.
11
Let y(b) = 4*b + 9. Let l(a) = -5*a - 10. Let w(m) = -2*l(m) - 3*y(m). Let k be w(4). Calculate the remainder when -6*((-70)/k)/(-2) is divided by 2.
0
Let y = -4326 + 4371. What is the remainder when 51 is divided by y?
6
Let i be 294/(-63) + (-2)/(-3). Calculate the remainder when (1336/(-7))/i + (-2)/(-7) is divided by 7.
6
What is the remainder when 225 is divided by ((-222)/(-2331) + 410/(-42))/((-2)/6)?
22
Let o = 890 - 867. What is the remainder when -13*(5/15 - (-32)/(-6)) is divided by o?
19
Suppose 0*v - 5 = -5*v. Let n be (26 - 16)*(v + 0). Calculate the remainder when 168/30 + 4/n is divided by 3.
0
Let g(p) = -9*p - 265. Let i be g(-29). Calculate the remainder when -201*-2*(i + (-27)/(-6)) is divided by 60.
21
Let g = -23565 - -23582. What is the remainder when 7290 is divided by g?
14
Let c(t) = 2*t**3 - 22*t**2 + 6*t - 4. Let m = 31 + 216. What is the remainder when m is divided by c(11)?
61
Suppose -3*p = 5*o + 6, 2*p - 5*o - 25 + 4 = 0. Let n be (56/(-2))/(p - 2). Let t(k) = -k**3 - 28*k**2 + 6. Calculate the remainder when t(n) is divided by 3.
0
Let b(j) = 28 - 2*j**2 + j**2 - 15*j - 6*j**2 + 6*j**2. Let q(s) = s**3 + 8*s**2 + 4*s + 22. Let p be q(-8). Calculate the remainder when b(p) is divided by 16.
14
Let m be (-2 - 927/6)*2. Let l = 325 + m. Suppose 3*s = -2*w + 310, -4*s - 3*w + 270 = -142. What is the remainder when s is divided by l?
10
Calculate the remainder when 832 is divided by 8/(-1)*71574/(-2416).
121
Suppose -14*i - 390 = -11*i. Let y = 159 + i. Let m = 287 + -204. Calculate the remainder when m is divided by y.
25
Let f(r) = -7*r + 4. Suppose -22*o = -125 - 161. Suppose -o*a = 9*a - 1386. Calculate the remainder when a is divided by f(-4).
31
What is the remainder when (44/(-4) - (3 + (-3 - 0)))*-23 is divided by 25?
3
Suppose 155*q + 461 = 2011. Suppose -3*p + 1 = -20. What is the remainder when q is divided by p?
3
Let t(m) = m**3 - 26*m**2 + 24*m + 54. Let q be t(25). Suppose -q*a = -18*a - 209. What is the remainder when a is divided by 8?
3
Let c(q) = -q**3 - 6*q**2 - 3*q - 4. Let u = -26 + 28. What is the remainder when c(-6) is divided by u?
0
Let u(a) = -a**2 + 6*a - 2. Let k be 1/(4 + 66/(-18)). What is the remainder when u(5) is divided by 0/((-1 - -4)/(-3)) + k?
0
Let g(t) = 26*t + 1782. Calculate the remainder when 